{"id":236,"date":"2013-07-22T17:06:24","date_gmt":"2013-07-22T16:06:24","guid":{"rendered":"http:\/\/soscles83.fr\/?page_id=236"},"modified":"2013-07-23T08:23:06","modified_gmt":"2013-07-23T07:23:06","slug":"partenaires-privilieges","status":"publish","type":"page","link":"https:\/\/soscles83.fr\/?page_id=236","title":{"rendered":"Partenaires privili\u00e9g\u00e9s"},"content":{"rendered":"<p>Nous avons le plaisir de compter parmi nos partenaires privil\u00e9gies les membres suivants , vous trouverez accompagn\u00e9 de leur nom , le lien de leurs site ainsi qu&rsquo;une description simple est non exhaustive qui vous permettra de les d\u00e9couvrir , n\u2019h\u00e9sitez pas a les visitez !<\/p>\n<p>&nbsp;<\/p>\n<p><em><strong>Mac in poche :<\/strong><\/em><\/p>\n<p><a title=\"Mac in poche\" href=\"http:\/\/macinpoche.fr\">macinpoche.fr<\/a><\/p>\n<p><strong>Mac in Poche<\/strong>\u00a0est une\u00a0association loi 1901\u00a0dont le but est d\u2019aider et informer les utilisateurs de Mac, iPhone, iPad, iPod, AppleTV, quel que soit leur niveau en informatique.<\/p>\n<p>Pour cela nous avons ouvert le site\u00a0<strong>MacinPoche.com<\/strong>\u00a0le 23 mars 2012, devenu\u00a0<strong>MacinPoche.fr<\/strong>\u00a0le 11 novembre dernier.<\/p>\n<p>Notre site vous propose une s\u00e9lection d\u2019<strong>astuces<\/strong>\u00a0avec ajouts r\u00e9guliers, des flash-infos quotidiens sur l\u2019<strong>actualit\u00e9<\/strong>\u00a0d\u2019Apple, ainsi que de nombreux\u00a0<strong>fonds d\u2019\u00e9crans<\/strong>\u00a0pour tous les appareils iOS et le Mac.<\/p>\n<p><em><strong>Moteur de recherche :<\/strong><\/em><\/p>\n<p>&nbsp;<br \/>\n<a title=\" Moteur de Recherche \" href=\"http:\/\/www.moteur2recherche.fr\"><strong>Moteur 2 Recherche <\/strong><\/a><br \/>\n<a href=\"http:\/\/www.aweblook.com\"><img decoding=\"async\" loading=\"lazy\" alt=\"\" src=\"http:\/\/www.aweblook.com\/images\/partenaire.gif\" width=\"88\" height=\"31\" border=\"0\" \/><\/a><\/p>\n","protected":false},"excerpt":{"rendered":"<p>Nous avons le plaisir de compter parmi nos partenaires privil\u00e9gies les membres suivants , vous trouverez accompagn\u00e9 de leur nom , le lien de leurs site ainsi qu&rsquo;une description simple est non exhaustive qui vous permettra de les d\u00e9couvrir , n\u2019h\u00e9sitez pas a les visitez ! &nbsp; Mac in poche : macinpoche.fr Mac in Poche\u00a0est [&hellip;]<\/p>\n","protected":false},"author":1,"featured_media":0,"parent":0,"menu_order":0,"comment_status":"closed","ping_status":"open","template":"","meta":{"ngg_post_thumbnail":0},"jetpack_sharing_enabled":true,"_links":{"self":[{"href":"https:\/\/soscles83.fr\/index.php?rest_route=\/wp\/v2\/pages\/236"}],"collection":[{"href":"https:\/\/soscles83.fr\/index.php?rest_route=\/wp\/v2\/pages"}],"about":[{"href":"https:\/\/soscles83.fr\/index.php?rest_route=\/wp\/v2\/types\/page"}],"author":[{"embeddable":true,"href":"https:\/\/soscles83.fr\/index.php?rest_route=\/wp\/v2\/users\/1"}],"replies":[{"embeddable":true,"href":"https:\/\/soscles83.fr\/index.php?rest_route=%2Fwp%2Fv2%2Fcomments&post=236"}],"version-history":[{"count":6,"href":"https:\/\/soscles83.fr\/index.php?rest_route=\/wp\/v2\/pages\/236\/revisions"}],"predecessor-version":[{"id":266,"href":"https:\/\/soscles83.fr\/index.php?rest_route=\/wp\/v2\/pages\/236\/revisions\/266"}],"wp:attachment":[{"href":"https:\/\/soscles83.fr\/index.php?rest_route=%2Fwp%2Fv2%2Fmedia&parent=236"}],"curies":[{"name":"wp","href":"https:\/\/api.w.org\/{rel}","templated":true}]}}